the hundreds digit of 2485954038?
0
What is the thousands digit of 821571151?
1
What is the tens digit of 224610554?
5
What is the thousands digit of 52296319?
6
What is the thousands digit of 80829586?
9
What is the units digit of 41871721?
1
What is the millions digit of 1978737352?
8
What is the ten thousands digit of 3994348953?
4
What is the units digit of 61101434?
4
What is the tens digit of 195056848?
4
What is the hundreds digit of 1791461148?
1
What is the hundreds digit of 1591949470?
4
What is the ten millions digit of 172973634?
7
What is the thousands digit of 248551952?
1
What is the ten millions digit of 427035136?
2
What is the ten millions digit of 62718117?
6
What is the thousands digit of 1828528252?
8
What is the hundred millions digit of 535840806?
5
What is the hundred millions digit of 224075319?
2
What is the thousands digit of 4667121975?
1
What is the tens digit of 1771865859?
5
What is the ten thousands digit of 15090470?
9
What is the tens digit of 39950189?
8
What is the ten millions digit of 1033607077?
3
What is the units digit of 244215857?
7
What is the ten millions digit of 220957138?
2
What is the units digit of 510094596?
6
What is the ten thousands digit of 32735991?
3
What is the millions digit of 77345791?
7
What is the tens digit of 251808214?
1
What is the tens digit of 1375554657?
5
What is the units digit of 91472722?
2
What is the millions digit of 96655131?
6
What is the hundred thousands digit of 172784659?
7
What is the units digit of 865688031?
1
What is the units digit of 8565029?
9
What is the tens digit of 407288890?
9
What is the thousands digit of 1315293075?
3
What is the hundred millions digit of 200174425?
2
What is the hundred millions digit of 6618006048?
6
What is the ten thousands digit of 43509542?
0
What is the ten thousands digit of 36235279?
3
What is the hundreds digit of 17373765?
7
What is the thousands digit of 91827175?
7
What is the millions digit of 245622424?
5
What is the thousands digit of 1333878136?
8
What is the hundred thousands digit of 52068652?
0
What is the units digit of 36756363?
3
What is the hundreds digit of 267734129?
1
What is the hundreds digit of 1618355891?
8
What is the hundred thousands digit of 35086419?
0
What is the tens digit of 163045119?
1
What is the thousands digit of 1284288501?
8
What is the tens digit of 331621798?
9
What is the ten millions digit of 88990346?
8
What is the ten millions digit of 50093030?
5
What is the ten thousands digit of 5877771176?
7
What is the thousands digit of 2903022578?
2
What is the tens digit of 425750963?
6
What is the millions digit of 189580678?
9
What is the hundred thousands digit of 49662103?
6
What is the hundreds digit of 3828700407?
4
What is the units digit of 133933116?
6
What is the millions digit of 92444980?
2
What is the millions digit of 47864600?
7
What is the units digit of 183948771?
1
What is the millions digit of 278886874?
8
What is the ten thousands digit of 760477352?
7
What is the hundred millions digit of 268371716?
2
What is the ten thousands digit of 43408012?
0
What is the millions digit of 108228329?
8
What is the ten thousands digit of 352566798?
6
What is the ten thousands digit of 199180501?
8
What is the tens digit of 301575399?
9
What is the hundred thousands digit of 498177118?
1
What is the hundred thousands digit of 266040576?
0
What is the tens digit of 58765972?
7
What is the thousands digit of 820314734?
4
What is the tens digit of 119752298?
9
What is the units digit of 29928623?
3
What is the units digit of 5010762311?
1
What is the millions digit of 4004662453?
4
What is the thousands digit of 24563739?
3
What is the units digit of 312470748?
8
What is the millions digit of 494749047?
4
What is the ten millions digit of 1470412218?
7
What is the ten millions digit of 375602576?
7
What is the billions digit of 2425493766?
2
What is the ten millions digit of 183401610?
8
What is the millions digit of 4004583130?
4
What is the units digit of 2739518672?
2
What is the ten thousands digit of 51476802?
7
What is the hundreds digit of 57734319?
3
What is the hundred millions digit of 197533292?
1
What is the hundreds digit of 1591250186?
1
What is the hundred millions digit of 2078521622?
0
What is the units digit of 422078654?
4
What is the hundred thousands digit of 635429148?
4
What is the ten thousands digit of 2198352285?
5
What is the units digit of 1642825373?
3
What is the millions digit of 2665436564?
5
What is the thousands digit of 35105259?
5
What is the hundred thousands digit of 110180682?
1
What is the thousands digit of 49915694?
5
What is the units digit of 4127043497?
7
What is the tens digit of 19950326?
2
What is the ten millions digit of 5637364518?
3
What is the tens digit of 47222507?
0
What is the units digit of 2660973821?
1
What is the hundred thousands digit of 10302703?
3
What is the hundred thousands digit of 243592104?
5
What is the hundred thousands digit of 198604492?
6
What is the millions digit of 6612741?
6
What is the ten millions digit of 42515492?
4
What is the hundred thousands digit of 88223331?
2
What is the millions digit of 60280646?
0
What is the hundreds digit of 4821175?
1
What is the units digit of 526252246?
6
What is the units digit of 488222518?
8
What is the units digit of 50795885?
5
What is the ten millions digit of 310454108?
1
What is the tens digit of 359872?
7
What is the hundred thousands digit of 674808174?
8
What is the ten thousands digit of 8328902154?
0
What is the ten thousands digit of 615189181?
8
What is the hundred thousands digit of 7604124725?
1
What is the hundred millions digit of 136922891?
1
What is the ten millions digit of 2556496749?
5
What is the hundreds digit of 13409646?
6
What is the tens digit of 4535996011?
1
What is the thousands digit of 989379458?
9
What is the millions digit of 201115308?
1
What is the hundreds digit of 55098854?
8
What is the ten thousands digit of 2018653476?
5
What is the units digit of 56092281?
1
What is the ten millions digit of 1285015475?
8
What is the hundred thousands digit of 4143013815?
0
What is the tens digit of 207667085?
8
What is the billions digit of 1307514380?
1
What is the hundreds digit of 1264857955?
9
What is the tens digit of 13939194?
9
What is the tens digit of 58131128?
2
What is the tens digit of 41703671?
7
What is the ten thousands digit of 119431491?
3
What is the hundred thousands digit of 129383665?
3
What is the units digit of 4519513329?
9
What is the ten thousands digit of 17805173?
0
What is the units digit of 32020968?
8
What is the hundreds digit of 259539278?
2
What is the thousands digit of 29658181?
8
What is the thousands digit of 1533227494?
7
What is the hundreds digit of 99863481?
4
What is the millions digit of 15830827?
5
What is the hundreds digit of 1892132431?
4
What is the millions digit of 4341386060?
1
What is the tens digit of 403987823?
2
What is the hundreds digit of 1111327216?
2
What is the ten thousands digit of 840666279?
6
What is the ten thousands digit of 49614303?
1
What is the tens digit of 97656716?
1
What is the tens digit of 19952752?
5
What is the hundreds digit of 162802135?
1
What is the thousands digit of 590572301?
2
What is the tens digit of 300430158?
5
What is the hundred millions digit of 1033722460?
0
What is the hundred thousands digit of 321756714?
7
What is the tens digit of 653055517?
1
What is the ten thousands digit of 61778563?
7
What is the thousands digit of 2547499778?
9
What is the thousands digit of 719543704?
3
What is the hundred thousands digit of 492109546?
1
What is the hundreds digit of 127658413?
4
What is the hundred millions digit of 223486232?
2
What is the millions digit of 880639396?
0
What is the billions digit of 3920868152?
3
What is the hundred thousands digit of 23862282?
8
What is the ten thousands digit of 86338277?
3
What is the ten millions digit of 2721168196?
2
What is the units digit of 103819812?
2
What is the hundreds digit of 1706993114?
1
What is the units digit of 1290277064?
4
What is the ten thousands digit of 2427291?
2
What is the hundreds digit of 3248150417?
4
What is the tens digit of 5075230?
3
What is the ten millions digit of 77436712?
7